{"id":76,"date":"2026-04-06T18:56:33","date_gmt":"2026-04-06T16:56:33","guid":{"rendered":"https:\/\/tps.best\/?page_id=76"},"modified":"2026-04-06T19:17:31","modified_gmt":"2026-04-06T17:17:31","slug":"qui-sommes-nous","status":"publish","type":"page","link":"https:\/\/tps.best\/?page_id=76","title":{"rendered":"Qui sommes-nous"},"content":{"rendered":"\n<p class=\"has-large-font-size\">N\u00e9 d\u2019une premi\u00e8re <strong>d\u00e9couverte<\/strong> de l\u2019EFT (Emotional Freedom Technique) sur un trauma laiss\u00e9 par un licenciement individuel, suivie d\u2019une premi\u00e8re <strong>exp\u00e9rimentation<\/strong> <strong>concluante<\/strong> en entreprise lors de l\u2019annonce d\u2019un Plan de Sauvegarde de l\u2019Emploi, nous avons <strong>cr\u00e9\u00e9<\/strong> ensemble <strong>Transition Plus Sereine TPS<\/strong> pour \u00e9viter \u00e0 d&rsquo;autres de subir ce que nous avions v\u00e9cu !<\/p>\n\n\n\n<p><img loading=\"lazy\" decoding=\"async\" width=\"150\" height=\"150\" class=\"wp-image-82\" style=\"width: 150px;\" src=\"https:\/\/tps.best\/wp-content\/uploads\/2026\/04\/Magali-David-rotated.jpg\" alt=\"\" srcset=\"https:\/\/tps.best\/wp-content\/uploads\/2026\/04\/Magali-David-rotated.jpg 1968w, https:\/\/tps.best\/wp-content\/uploads\/2026\/04\/Magali-David-300x300.jpg 300w, https:\/\/tps.best\/wp-content\/uploads\/2026\/04\/Magali-David-1024x1024.jpg 1024w, https:\/\/tps.best\/wp-content\/uploads\/2026\/04\/Magali-David-150x150.jpg 150w, https:\/\/tps.best\/wp-content\/uploads\/2026\/04\/Magali-David-768x768.jpg 768w, https:\/\/tps.best\/wp-content\/uploads\/2026\/04\/Magali-David-1536x1536.jpg 1536w\" sizes=\"auto, (max-width: 150px) 100vw, 150px\" \/><br><strong>Magali DAVID-RIPOCHE<\/strong><br>Direction Emploi<br>Restructuration<br>RPS &amp; Bien-\u00eatre au travail<br>Psychopraticien EFT &#8211; 2025<br>mda@tps.best ou 06 74 69 19 58<\/p>\n\n\n\n<p><img loading=\"lazy\" decoding=\"async\" width=\"150\" height=\"201\" class=\"wp-image-83\" style=\"width: 150px;\" src=\"https:\/\/tps.best\/wp-content\/uploads\/2026\/04\/Pascal-DENIS-MASSE.png\" alt=\"\" srcset=\"https:\/\/tps.best\/wp-content\/uploads\/2026\/04\/Pascal-DENIS-MASSE.png 396w, https:\/\/tps.best\/wp-content\/uploads\/2026\/04\/Pascal-DENIS-MASSE-224x300.png 224w\" sizes=\"auto, (max-width: 150px) 100vw, 150px\" \/><\/p>\n\n\n\n<p><strong>Pascal DENIS-MASS\u00c9<\/strong><br>Ing\u00e9nieur commercial<br>RRH puis DRH<br>Fondateur et Dirigeant de PiDieM &#8211; 15 ans<br>Psychopraticien EFT &#8211; 2012<br>pdm@tps.best ou 06 79 03 95 97<\/p>\n","protected":false},"excerpt":{"rendered":"<p>N\u00e9 d\u2019une premi\u00e8re d\u00e9couverte de l\u2019EFT (Emotional Freedom Technique) sur un trauma laiss\u00e9 par un licenciement individuel, suivie d\u2019une premi\u00e8re exp\u00e9rimentation concluante en entreprise lors &hellip;<\/p>\n","protected":false},"author":1,"featured_media":0,"parent":0,"menu_order":0,"comment_status":"closed","ping_status":"closed","template":"","meta":{"footnotes":""},"class_list":["post-76","page","type-page","status-publish","hentry"],"_links":{"self":[{"href":"https:\/\/tps.best\/index.php?rest_route=\/wp\/v2\/pages\/76","targetHints":{"allow":["GET"]}}],"collection":[{"href":"https:\/\/tps.best\/index.php?rest_route=\/wp\/v2\/pages"}],"about":[{"href":"https:\/\/tps.best\/index.php?rest_route=\/wp\/v2\/types\/page"}],"author":[{"embeddable":true,"href":"https:\/\/tps.best\/index.php?rest_route=\/wp\/v2\/users\/1"}],"replies":[{"embeddable":true,"href":"https:\/\/tps.best\/index.php?rest_route=%2Fwp%2Fv2%2Fcomments&post=76"}],"version-history":[{"count":10,"href":"https:\/\/tps.best\/index.php?rest_route=\/wp\/v2\/pages\/76\/revisions"}],"predecessor-version":[{"id":95,"href":"https:\/\/tps.best\/index.php?rest_route=\/wp\/v2\/pages\/76\/revisions\/95"}],"wp:attachment":[{"href":"https:\/\/tps.best\/index.php?rest_route=%2Fwp%2Fv2%2Fmedia&parent=76"}],"curies":[{"name":"wp","href":"https:\/\/api.w.org\/{rel}","templated":true}]}}